 i = -o*i + 9. What is the units digit of i?
3
Let k(x) = x - 9. Let c be k(11). Suppose 4*m - 25 = 5*q, -q + 15 = m + c. What is the tens digit of m?
1
Let c(j) = -j**2 + 10*j + 6. Let v be c(10). Let x = -2 - v. Let h = -5 - x. What is the units digit of h?
3
Let x be (-1)/(-1 - 0) + 0. Suppose -8 = -s - x. What is the units digit of s?
7
Let t be (1/(-3))/(4/84). Let i(f) = f + 15. Let j(h) = 1. Let z(w) = i(w) - 6*j(w). What is the units digit of z(t)?
2
Let m = 14 + -4. Let x = -1 + m. What is the units digit of x?
9
Suppose b = 3*n - 109, 4*n + 0*b - 2*b - 148 = 0. What is the tens digit of n?
3
Let h = 168 + -113. What is the tens digit of h?
5
Let l(p) = 140*p**2 - 5*p - 6. What is the units digit of l(-1)?
9
Let d = -24 - -10. Let u = 2 - d. What is the tens digit of u?
1
Let b(d) = -12*d**2 + d - 2. Let n be b(1). Let c = -3 - n. What is the units digit of c?
0
Let t(c) = c**3 - 8*c**2 + 8*c + 1. Let z be (2 - 4)/(0 - -1). Let a(k) = 3*k**2 + 4*k + 3. Let g be a(z). What is the units digit of t(g)?
8
Suppose -2*h - 5*q = 3*h - 135, 17 = h - 4*q. What is the tens digit of h?
2
Suppose 4*r = -2*f + 82, -4*f + 4*r + 164 = 3*r. Suppose -3*g + 28 = -f. Let q = -14 + g. What is the units digit of q?
9
Suppose 2 + 1 = -3*q, -4*y + 2*q + 1046 = 0. What is the tens digit of y?
6
Suppose 4*d + 4 = 2*u, 4*u = 2*d - 0*d + 8. Suppose -5*i + 102 = 2*o - d*i, -153 = -3*o - 4*i. What is the units digit of o?
1
Suppose -3*b + a = -1, 2*b = 2*a - 5 - 1. Suppose -b*s = 3*s + 30. Let g(q) = -q + 1. What is the units digit of g(s)?
7
Let q = -2 - -28. What is the tens digit of q?
2
Let b(j) = 35*j - 19. What is the units digit of b(3)?
6
Let p(f) = -f**3 + 7*f**2 - 2*f - 8. Let y be p(4). Let l = y + -11. What is the units digit of l?
1
Let g = -2 - 0. Let j = 2 - g. Suppose p - 34 = -j*k, -k + 3*p = -3 + 1. What is the units digit of k?
8
Suppose 5*a - 512 = -4*c, 5*c + 64 = -a + 158. What is the tens digit of a?
0
Suppose -f - 1 = -4. Let w(l) = 4*l - 3. What is the units digit of w(f)?
9
Let y = 27 + 18. What is the units digit of y?
5
Let w(t) = t**2 + 16*t - 6. Let f be w(-16). What is the units digit of ((-4)/(-2))/((-3)/f)?
4
Suppose -2*p = -p - 22. What is the units digit of p?
2
Let v(c) = -c**3 - 8*c**2 - 8*c + 6. Suppose -5*x = 11 + 24. Let b be v(x). Let q = b - 7. What is the units digit of q?
6
Suppose -a + 5*x = x + 14, 16 = 4*x. Let o be 33/4 - a/8. Suppose j - 6*j - 19 = -4*c, c + 2*j = o. What is the units digit of c?
6
What is the hundreds digit of (1/3 - (-1660)/15)/1?
1
Suppose -1 + 10 = -3*d. Suppose 7 = -4*b + 19. Let y = b - d. What is the units digit of y?
6
What is the units digit of 954/24 + (-2)/(-8)?
0
Let a be ((-34)/(-8))/((-3)/12). Let n = a - -24. Suppose -3*y + 2*r = -49, y - 15 = -5*r + n. What is the units digit of y?
7
Let s = -32 - -70. What is the units digit of s?
8
Suppose 0 = -4*c + 37 + 35. What is the units digit of c?
8
Let v(q) = q**3 - q**2 + q + 1. Let m(p) = 2*p**3 + 4*p**2 - 5*p. Let t(n) = m(n) + 2*v(n). What is the units digit of t(2)?
6
Let a be (-2 - -1)*(-4 - 2). Suppose -v = -a*v + 35. What is the units digit of v?
7
Suppose 4*t = 2*y + 288, -3*t + 3*y = -25 - 191. What is the tens digit of t?
7
Let f(j) = -j + 10. Let o(d) = d**2 - 13*d + 7. Let l be o(13). What is the units digit of f(l)?
3
Let d = 70 + -47. What is the units digit of d?
3
Suppose 19 = -4*m + b, 0*b + 2*b + 40 = -5*m. Let v(d) = d**3 + 6*d**2 - d - 5. What is the units digit of v(m)?
1
Let c(r) = -4*r - 2. Let h be c(-5). Let v = h + -11. Let p = 1 + v. What is the units digit of p?
8
Suppose -d - 4*d + 1155 = 0. What is the tens digit of d?
3
Let v(l) = -3*l**2 - 2 + 6*l + 11*l**2 - l + l**3. Let c be v(-6). Suppose 4*q + c = 5*g, -3*g - 6*q = -q - 24. What is the units digit of g?
8
Suppose 700 + 1230 = 5*r. What is the units digit of r?
6
Let l(t) = -t - 2. Let m be l(-2). Suppose -3 = -m*g - g. What is the units digit of (g - (-10)/(-4))*4?
2
Suppose 1 - 5 = -2*q. Suppose q*n - 2 = 3*n. What is the units digit of (-2)/(7/(-3) - n)?
6
What is the tens digit of (-3 - (1 - 1)) + -1 + 225?
2
Suppose 0 = -g - g - 10. What is the units digit of (0 - -2)/((-2)/g)?
5
Suppose -5*g + 0*g = -35. Let q(c) = c - 4. What is the units digit of q(g)?
3
Let q(o) = -o**3 + 6*o**2 + 3*o + 4. Let d be q(6). What is the units digit of (-480)/(-22) + 4/d?
2
Suppose 2*q + 4 + 10 = 0. Let z = q + 27. What is the units digit of 4/z - 88/(-10)?
9
Let v = 15 + -37. Let w = 35 + v. What is the tens digit of w?
1
Let f(l) = 7*l**3 - 1. Let n(t) = -t**3 + t + 3. Let g be n(0). Suppose g*i - 2 - 9 = -5*d, 2 = -4*d + 3*i. What is the units digit of f(d)?
6
Suppose 7 = -l + 2*l. Suppose 5 = j - l. What is the units digit of j?
2
Let x(q) = q**2 + 9*q + 6. Let b be x(-9). Let r = b + -3. Suppose 30 = 2*v - 4*t, 4*v + 10 - 37 = -r*t. What is the units digit of v?
9
Let l be -2*(-3)/(-12)*20. Let r = 14 - l. What is the units digit of r?
4
Let c(t) = t**3 + 2*t**2 - 7*t - 4. What is the units digit of c(-3)?
8
Let v = 26 - 7. What is the units digit of v?
9
Let a(p) = 2*p**2 + 2*p - 1. Let c(g) = g**2 + 7*g - 2. Suppose 2*h - 4*h - 14 = 0. Let j be c(h). What is the units digit of a(j)?
3
Let i = -3 - -12. What is the units digit of i?
9
Let u(o) = -o**2 - 6*o - 2. Let l be u(-5). Suppose 35 = 3*j + 11. What is the units digit of j + (0 - (l + -2))?
7
Let d(s) = 4 - 3 + 1 - 6 + 5*s. What is the units digit of d(7)?
1
Let s(v) = v**2 - 10*v - 15. What is the units digit of s(12)?
9
Let s = -5 - -8. Suppose 0 = -s*n - 0*g + g - 8, -2 = n - g. Let d = n - -8. What is the units digit of d?
5
Suppose v - 2*m - 4 = 0, v + 4 = -3*v - 2*m. Suppose v = 2*p + 3 - 31. What is the units digit of p?
4
Let c(d) be the third derivative of d**6/60 - d**5/20 - d**4/6 - d**3/2 + 3*d**2. Let h be c(-2). Let w = -13 - h. What is the units digit of w?
0
Let k(n) = -n**2 + 18*n + 3. What is the tens digit of k(15)?
4
Suppose -3*g - g = 0. Suppose 4*c - 72 = -g*c. What is the units digit of c?
8
Suppose -2*m = -7*m + 2*z + 195, 0 = 5*m - 4*z - 195. Suppose 4*v = -m - 5. Let w = 16 + v. What is the units digit of w?
5
What is the units digit of (-1 - -16)*(-12)/(-30)?
6
Let l = 1 - 3. What is the units digit of (-1 - l)/(2/14)?
7
Let z(o) = 12*o**2 - 4*o - 9. What is the tens digit of z(3)?
8
Let j = -23 - -11. Let k = -9 - j. Suppose 8*f - k*f = 40. What is the units digit of f?
8
Suppose -s + 2*u + 19 = 0, 2*s = -3*s + u + 77. Let z = -10 + s. What is the units digit of z?
5
Let y(i) = -10*i**3 + i**2 - 1. Let l = -9 - -8. What is the units digit of y(l)?
0
Let k(l) = l**2 - 5*l - 4. Let i be k(6). What is the units digit of (-41)/(-5) - i/10?
8
Suppose 37 + 17 = i. What is the tens digit of i?
5
Let p be (2 - (1 - 13))/1. Let s be (p/4)/(-7)*-8. Suppose -s*t + 24 = -28. What is the units digit of t?
3
Suppose -p = -2*t - 75, p + 4*t - 75 = 2*t. Suppose -4*f + p = -f. What is the tens digit of f?
2
Suppose -2*g = 2*g - 2*f - 60, -40 = -4*g - 3*f. What is the tens digit of (-453)/(-13) - (-2)/g?
3
Suppose -3*n = -8*n - 5*z + 180, 2*z + 60 = 2*n. Suppose -n + 9 = -2*j. What is the units digit of j?
2
Suppose 0 = 5*o + i - 25, 0 = o + 3*o + i - 19. Suppose d = o*d - 60. What is the units digit of d?
2
Let p be ((-8)/10)/(4/10). What is the units digit of -3*p*(-21)/(-18)?
7
Let p(x) = 0*x**2 + 5*x**2 - 5*x**3 - 3*x**2. What is the tens digit of p(-2)?
4
Suppose -a - 30 = -5*z + 2*a, -25 = -5*z + 2*a. Let q = 2 - z. What is the units digit of (-4)/(8/26)*q?
3
Let q = 123 - 73. Suppose q = 4*g + g. What is the units digit of g?
0
Let o(g) = -g**2 - 7*g + 8. Let t be o(-7). Suppose 0 = -k + t + 8. What is the units digit of k?
6
Let p = 105 - 65. What is the units digit of p?
0
Let g(y) = -y + 2. Let s be g(1). Let d(w) be the first derivative of 3*w**3 - w - 6. What is the units digit of d(s)?
8
Suppose -4*d = d - 90. What is the units digit of (d/(-4))/(1/(-2))?
9
Let l(m) = 4*m**3 + m**2 - m. Let h be l(1). Suppose -d - 3 = -2*b, -h*b = -5*d + 11 - 2. What is the units digit of d?
5
Let s = -2 - 19. Let z be (s/(-7))/((-3)/(-8)). Suppose -4*o = 5*h - 25, -z*h + 4*h - 3*o = -21. What is the units digit of h?
9
Let i(a) = -a**3 - 4*a**2 - 4*a - 1. Let b be i(-3). Suppose k - 9 = -b*k